{"id":2163,"date":"2022-11-13T10:27:52","date_gmt":"2022-11-13T09:27:52","guid":{"rendered":"https:\/\/uwg-hausen.de\/?post_type=tribe_events&#038;p=2163"},"modified":"2022-11-21T15:59:43","modified_gmt":"2022-11-21T14:59:43","slug":"freie-waehler-fraktion-vor-ort-wassermangel-in-oberfranken","status":"publish","type":"tribe_events","link":"https:\/\/uwg-hausen.de\/?tribe_events=freie-waehler-fraktion-vor-ort-wassermangel-in-oberfranken","title":{"rendered":"Freie W\u00e4hler &#8211; Fraktion vor Ort \/\/ Klimawandel \u2013 Geht Oberfranken das Wasser aus?"},"content":{"rendered":"<hr \/>\n<p style=\"text-align: center;\"><b>Fraktion vor Ort zum Thema<br \/>\n&#8220;Wassermangel in Oberfranken &#8221;<br \/>\nam Montag, 28.11.2022 , 19:00 Uhr im Pilatushof<\/b><\/p>\n<hr \/>\n<p>Sehr geehrte Damen und Herren, liebe Freie W\u00e4hler,<\/p>\n<p>&nbsp;<\/p>\n<p>Heute m\u00f6chte wir \u00fcber folgende Veranstaltung \u201e<b>Fraktion vor Ort<\/b>\u201c am 28.11.2022 in Hausen (Oberfranken) nicht nur informieren, sondern auch zugleich einladen.<\/p>\n<div dir=\"ltr\">\n<div dir=\"ltr\" style=\"text-align: center;\"><\/div>\n<\/div>\n<p><b>Thema: <\/b>Klimawandel \u2013 Geht Oberfranken das Wasser aus?<\/p>\n<p><strong>Referent: <\/strong>Prof. Dr. Olaf Mietz, Leiter Institut f\u00fcr angewandte Gew\u00e4sser\u00f6kologie<\/p>\n<p>&nbsp;<\/p>\n<p><strong>Teilnehmer Landtagsfraktion<\/strong><\/p>\n<ul>\n<li>Rainer Ludwig, MdL<\/li>\n<li>Thorsten Glauber, Umweltminister<\/li>\n<\/ul>\n<p>&nbsp;<\/p>\n<p><strong>Ablauf\/Programm<\/strong><\/p>\n<p>19:00 Uhr\u00a0 \u00a0 \u00a0 \u00a0 \u00a0Begr\u00fc\u00dfung und Einf\u00fchrung in das Thema (Rainer Ludwig)<\/p>\n<p>19:15 Uhr\u00a0\u00a0\u00a0\u00a0\u00a0\u00a0\u00a0\u00a0\u00a0 Impulsreferat zur Wasserknappheit (Prof. Dr. Olaf Mietz, Leiter Institut f\u00fcr angewandte Gew\u00e4sser\u00f6kologie)<\/p>\n<p>20:00 Uhr\u00a0\u00a0\u00a0\u00a0\u00a0\u00a0\u00a0\u00a0\u00a0 Stellungnahme des Umweltministeriums (Thorsten Glauber)<\/p>\n<p>20:30 Uhr\u00a0\u00a0\u00a0\u00a0\u00a0\u00a0\u00a0\u00a0\u00a0 Diskussion<\/p>\n<p>Ca. 21:30 Uhr\u00a0\u00a0\u00a0 Ende<\/p>\n<p>&nbsp;<\/p>\n<p>Beste Gr\u00fc\u00dfe<\/p>\n<p><img decoding=\"async\" class=\"alignnone size-full wp-image-2164\" src=\"http:\/\/uwg-hausen.de\/wp-content\/uploads\/2022\/11\/FreieWaehler_Landtagsfraktion_2022.png\" alt=\"Freie W\u00e4hler - Landtagsfraktion\" width=\"300\" height=\"103\" \/><\/p>\n<p>&nbsp;<\/p>\n","protected":false},"excerpt":{"rendered":"<p>Fraktion vor Ort zum Thema &#8220;Wassermangel in Oberfranken &#8221; am Montag, 28.11.2022 , 19:00 Uhr im Pilatushof Sehr geehrte Damen und Herren, liebe Freie W\u00e4hler, &nbsp; Heute m\u00f6chte wir \u00fcber <a class=\"more-link\" href=\"https:\/\/uwg-hausen.de\/?tribe_events=freie-waehler-fraktion-vor-ort-wassermangel-in-oberfranken\">Weiterlesen <i class=\"fa fa-chevron-right\"><\/i><\/a><\/p>\n","protected":false},"author":7,"featured_media":0,"template":"","meta":{"_eb_attr":"","_tribe_events_status":"","_tribe_events_status_reason":"","footnotes":""},"tags":[],"tribe_events_cat":[213],"class_list":["post-2163","tribe_events","type-tribe_events","status-publish","hentry","tribe_events_cat-freie-waehler-landtagsfraktion","cat_freie-waehler-landtagsfraktion"],"_links":{"self":[{"href":"https:\/\/uwg-hausen.de\/index.php?rest_route=\/wp\/v2\/tribe_events\/2163","targetHints":{"allow":["GET"]}}],"collection":[{"href":"https:\/\/uwg-hausen.de\/index.php?rest_route=\/wp\/v2\/tribe_events"}],"about":[{"href":"https:\/\/uwg-hausen.de\/index.php?rest_route=\/wp\/v2\/types\/tribe_events"}],"author":[{"embeddable":true,"href":"https:\/\/uwg-hausen.de\/index.php?rest_route=\/wp\/v2\/users\/7"}],"version-history":[{"count":4,"href":"https:\/\/uwg-hausen.de\/index.php?rest_route=\/wp\/v2\/tribe_events\/2163\/revisions"}],"predecessor-version":[{"id":2211,"href":"https:\/\/uwg-hausen.de\/index.php?rest_route=\/wp\/v2\/tribe_events\/2163\/revisions\/2211"}],"wp:attachment":[{"href":"https:\/\/uwg-hausen.de\/index.php?rest_route=%2Fwp%2Fv2%2Fmedia&parent=2163"}],"wp:term":[{"taxonomy":"post_tag","embeddable":true,"href":"https:\/\/uwg-hausen.de\/index.php?rest_route=%2Fwp%2Fv2%2Ftags&post=2163"},{"taxonomy":"tribe_events_cat","embeddable":true,"href":"https:\/\/uwg-hausen.de\/index.php?rest_route=%2Fwp%2Fv2%2Ftribe_events_cat&post=2163"}],"curies":[{"name":"wp","href":"https:\/\/api.w.org\/{rel}","templated":true}]}}

Freie Wähler &#8211; Fraktion vor Ort // Klimawandel – Geht Oberfranken das Wasser aus?

<hr />
<p style="text-align: center;"><b>Fraktion vor Ort zum Thema<br />
&#8220;Wassermangel in Oberfranken &#8221;<br />
am Montag, 28.11.2022 , 19:00 Uhr im Pilatushof</b></p>
<hr />
<p>Sehr geehrte Damen und Herren, liebe Freie Wähler,</p>
<p>&nbsp;</p>
<p>Heute möchte wir über folgende Veranstaltung „<b>Fraktion vor Ort</b>“ am 28.11.2022 in Hausen (Oberfranken) nicht nur informieren, sondern auch zugleich einladen.</p>
<div dir="ltr">
<div dir="ltr" style="text-align: center;"></div>
</div>
<p><b>Thema: </b>Klimawandel – Geht Oberfranken das Wasser aus?</p>
<p><strong>Referent: </strong>Prof. Dr. Olaf Mietz, Leiter Institut für angewandte Gewässerökologie</p>
<p>&nbsp;</p>
<p><strong>Teilnehmer Landtagsfraktion</strong></p>
<ul>
<li>Rainer Ludwig, MdL</li>
<li>Thorsten Glauber, Umweltminister</li>
</ul>
<p>&nbsp;</p>
<p><strong>Ablauf/Programm</strong></p>
<p>19:00 Uhr         Begrüßung und Einführung in das Thema (Rainer Ludwig)</p>
<p>19:15 Uhr          Impulsreferat zur Wasserknappheit (Prof. Dr. Olaf Mietz, Leiter Institut für angewandte Gewässerökologie)</p>
<p>20:00 Uhr          Stellungnahme des Umweltministeriums (Thorsten Glauber)</p>
<p>20:30 Uhr          Diskussion</p>
<p>Ca. 21:30 Uhr    Ende</p>
<p>&nbsp;</p>
<p>Beste Grüße</p>
<p><img decoding="async" class="alignnone size-full wp-image-2164" src="http://uwg-hausen.de/wp-content/uploads/2022/11/FreieWaehler_Landtagsfraktion_2022.png" alt="Freie Wähler - Landtagsfraktion" width="300" height="103" /></p>
<p>&nbsp;</p>

<p>Fraktion vor Ort zum Thema &#8220;Wassermangel in Oberfranken &#8221; am Montag, 28.11.2022 , 19:00 Uhr im Pilatushof Sehr geehrte Damen und Herren, liebe Freie Wähler, &nbsp; Heute möchte wir über <a class="more-link" href="https://uwg-hausen.de/?tribe_events=freie-waehler-fraktion-vor-ort-wassermangel-in-oberfranken">Weiterlesen <i class="fa fa-chevron-right"></i></a></p>
