{"id":185,"date":"2018-08-29T06:29:41","date_gmt":"2018-08-29T06:29:41","guid":{"rendered":"http:\/\/uwg-hausen.de\/?post_type=tribe_events&#038;p=185"},"modified":"2018-10-10T12:33:12","modified_gmt":"2018-10-10T12:33:12","slug":"gemeinderatssitzung-2","status":"publish","type":"tribe_events","link":"https:\/\/uwg-hausen.de\/?tribe_events=gemeinderatssitzung-2","title":{"rendered":"Gemeinderatssitzung"},"content":{"rendered":"<p>\u00d6ffentliche Tagesordnung:<\/p>\n<p>01\u00a0\u00a0\u00a0\u00a0\u00a0\u00a0\u00a0\u00a0 Genehmigung der \u00f6ffentlichen Niederschriften vom 21.03, 17.04. und 07.08.2018 (wird nachgereicht)<\/p>\n<p>02\u00a0\u00a0\u00a0\u00a0\u00a0\u00a0\u00a0\u00a0 Informationen des 1. B\u00fcrgermeisters<\/p>\n<p>03\u00a0\u00a0\u00a0\u00a0\u00a0\u00a0\u00a0\u00a0 Bebauungsplan &#8220;Beim W\u00f6hrgarten&#8221;<\/p>\n<p>03 A\u00a0\u00a0\u00a0\u00a0 Nochmalige \u00c4nderung des Geltungsbereichs<\/p>\n<p>03 B\u00a0\u00a0\u00a0\u00a0 Billigung des Entwurfs f\u00fcr die fr\u00fchzeitige Beteiligung von B\u00fcrgern und Tr\u00e4gern \u00f6ffentlicher Belange<\/p>\n<p>04\u00a0\u00a0\u00a0\u00a0\u00a0\u00a0\u00a0\u00a0 Antrag der Freiwilligen Feuerwehr Hausen f\u00fcr einen Versicherungsschutz ihrer FFW-Kindergruppe<\/p>\n<p>05\u00a0\u00a0\u00a0\u00a0\u00a0\u00a0\u00a0\u00a0 F\u00f6rderung und Anreiz zum Bau von Zisternen in neu auszuweisenden Baugebieten sowie bei bestehenden Geb\u00e4uden (Antrag der UWG-Fraktion v. 14.02.2018)<\/p>\n<p>06\u00a0\u00a0\u00a0\u00a0\u00a0\u00a0\u00a0\u00a0 Tagesordnungserg\u00e4nzungen und Anfragen<\/p>\n<p><em>Quelle<\/em>: https:\/\/hausen.ris.kommune-aktiv.de\/seite\/de\/rathaus\/761\/-\/Bekanntmachung.html<\/p>\n","protected":false},"excerpt":{"rendered":"<p>\u00d6ffentliche Tagesordnung: 01\u00a0\u00a0\u00a0\u00a0\u00a0\u00a0\u00a0\u00a0 Genehmigung der \u00f6ffentlichen Niederschriften vom 21.03, 17.04. und 07.08.2018 (wird nachgereicht) 02\u00a0\u00a0\u00a0\u00a0\u00a0\u00a0\u00a0\u00a0 Informationen des 1. B\u00fcrgermeisters 03\u00a0\u00a0\u00a0\u00a0\u00a0\u00a0\u00a0\u00a0 Bebauungsplan &#8220;Beim W\u00f6hrgarten&#8221; 03 A\u00a0\u00a0\u00a0\u00a0 Nochmalige \u00c4nderung des Geltungsbereichs 03 <a class=\"more-link\" href=\"https:\/\/uwg-hausen.de\/?tribe_events=gemeinderatssitzung-2\">Weiterlesen <i class=\"fa fa-chevron-right\"><\/i><\/a><\/p>\n","protected":false},"author":2,"featured_media":0,"template":"","meta":{"_eb_attr":"","_tribe_events_status":"","_tribe_events_status_reason":"","footnotes":""},"tags":[13,14],"tribe_events_cat":[12],"class_list":["post-185","tribe_events","type-tribe_events","status-publish","hentry","tag-gemeinderat","tag-sitzung","tribe_events_cat-gemeinderatssitzung","cat_gemeinderatssitzung"],"_links":{"self":[{"href":"https:\/\/uwg-hausen.de\/index.php?rest_route=\/wp\/v2\/tribe_events\/185","targetHints":{"allow":["GET"]}}],"collection":[{"href":"https:\/\/uwg-hausen.de\/index.php?rest_route=\/wp\/v2\/tribe_events"}],"about":[{"href":"https:\/\/uwg-hausen.de\/index.php?rest_route=\/wp\/v2\/types\/tribe_events"}],"author":[{"embeddable":true,"href":"https:\/\/uwg-hausen.de\/index.php?rest_route=\/wp\/v2\/users\/2"}],"version-history":[{"count":3,"href":"https:\/\/uwg-hausen.de\/index.php?rest_route=\/wp\/v2\/tribe_events\/185\/revisions"}],"predecessor-version":[{"id":223,"href":"https:\/\/uwg-hausen.de\/index.php?rest_route=\/wp\/v2\/tribe_events\/185\/revisions\/223"}],"wp:attachment":[{"href":"https:\/\/uwg-hausen.de\/index.php?rest_route=%2Fwp%2Fv2%2Fmedia&parent=185"}],"wp:term":[{"taxonomy":"post_tag","embeddable":true,"href":"https:\/\/uwg-hausen.de\/index.php?rest_route=%2Fwp%2Fv2%2Ftags&post=185"},{"taxonomy":"tribe_events_cat","embeddable":true,"href":"https:\/\/uwg-hausen.de\/index.php?rest_route=%2Fwp%2Fv2%2Ftribe_events_cat&post=185"}],"curies":[{"name":"wp","href":"https:\/\/api.w.org\/{rel}","templated":true}]}}

<p>Öffentliche Tagesordnung:</p>
<p>01         Genehmigung der öffentlichen Niederschriften vom 21.03, 17.04. und 07.08.2018 (wird nachgereicht)</p>
<p>02         Informationen des 1. Bürgermeisters</p>
<p>03         Bebauungsplan &#8220;Beim Wöhrgarten&#8221;</p>
<p>03 A     Nochmalige Änderung des Geltungsbereichs</p>
<p>03 B     Billigung des Entwurfs für die frühzeitige Beteiligung von Bürgern und Trägern öffentlicher Belange</p>
<p>04         Antrag der Freiwilligen Feuerwehr Hausen für einen Versicherungsschutz ihrer FFW-Kindergruppe</p>
<p>05         Förderung und Anreiz zum Bau von Zisternen in neu auszuweisenden Baugebieten sowie bei bestehenden Gebäuden (Antrag der UWG-Fraktion v. 14.02.2018)</p>
<p>06         Tagesordnungsergänzungen und Anfragen</p>
<p><em>Quelle</em>: https://hausen.ris.kommune-aktiv.de/seite/de/rathaus/761/-/Bekanntmachung.html</p>

<p>Öffentliche Tagesordnung: 01         Genehmigung der öffentlichen Niederschriften vom 21.03, 17.04. und 07.08.2018 (wird nachgereicht) 02         Informationen des 1. Bürgermeisters 03         Bebauungsplan &#8220;Beim Wöhrgarten&#8221; 03 A     Nochmalige Änderung des Geltungsbereichs 03 <a class="more-link" href="https://uwg-hausen.de/?tribe_events=gemeinderatssitzung-2">Weiterlesen <i class="fa fa-chevron-right"></i></a></p>
