{"id":1531,"date":"2020-06-28T08:17:05","date_gmt":"2020-06-28T08:17:05","guid":{"rendered":"http:\/\/uwg-hausen.de\/?post_type=tribe_events&#038;p=1531"},"modified":"2020-08-15T13:55:54","modified_gmt":"2020-08-15T13:55:54","slug":"gemeinderatssitzung-juli-2020","status":"publish","type":"tribe_events","link":"https:\/\/uwg-hausen.de\/?tribe_events=gemeinderatssitzung-juli-2020","title":{"rendered":"Gemeinderatssitzung &#8211; Juli 2020"},"content":{"rendered":"<p style=\"text-align: left;\">Am Montag den 06.07.2020 um 19:00 Uhr findet die n\u00e4chste Gemeinderatsitzung, in der Mehrzweckhalle Hausen statt.<br \/>\nDie Gemeinde hat alle interessierten B\u00fcrger eingeladen.<br \/>\n<strong>Denkt bitte an Euren <a href=\"https:\/\/www.facebook.com\/hashtag\/mundschutz\" target=\"_blank\" rel=\"noreferrer noopener\">Mundschutz<\/a>!<\/strong><\/p>\n<p><b>\u00d6ffentliche Tagesordnung:<br \/>\n<\/b><\/p>\n<table width=\"100%\">\n<tbody>\n<tr>\n<td width=\"11%\">01<\/td>\n<td width=\"89%\">Genehmigung der \u00f6ffentlichen Niederschrift vom 15.06.2020<\/td>\n<\/tr>\n<tr>\n<td width=\"11%\">02<\/td>\n<td width=\"89%\">Information des ersten B\u00fcrgermeisters<\/td>\n<\/tr>\n<tr>\n<td width=\"11%\">03<\/td>\n<td width=\"89%\">\u00d6ffentliche Bekanntgabe der in der nicht\u00f6ffentlichen Sitzung gefassten Beschl\u00fcsse<\/td>\n<\/tr>\n<tr>\n<td width=\"11%\">04<\/td>\n<td width=\"89%\">Mitgliedschaft beim Tourismusverband Franken e.V.<\/td>\n<\/tr>\n<tr>\n<td width=\"11%\">05<\/td>\n<td width=\"89%\">Antrag: Ehrenkodex Gemeinderat<\/td>\n<\/tr>\n<tr>\n<td width=\"11%\">06<\/td>\n<td width=\"89%\">Antrag: Kita Schlie\u00dfzeiten und Beitr\u00e4ge durch Pandemie Geschehen<\/td>\n<\/tr>\n<tr>\n<td width=\"11%\">07<\/td>\n<td width=\"89%\">Antrag: F\u00f6rderungspr\u00fcfung von einzelnen Projekten<\/td>\n<\/tr>\n<tr>\n<td width=\"11%\">08<\/td>\n<td width=\"89%\">Antrag: Ausweisung Sanierungsgebiet<\/td>\n<\/tr>\n<tr>\n<td width=\"11%\">09<\/td>\n<td width=\"89%\">Antrag: Beantragung F\u00f6rdermittel Ortsverbindungsstra\u00dfe Hausen-Thurn<\/td>\n<\/tr>\n<tr>\n<td width=\"11%\">10<\/td>\n<td width=\"89%\">Tagesordnungserg\u00e4nzungen und Anfragen<\/td>\n<\/tr>\n<\/tbody>\n<\/table>\n<p><b>\u00a0<\/b><\/p>\n<p>&nbsp;<\/p>\n<p><strong>Im Nachgang werden wir wieder in einem ausf\u00fchrlichen Beitrag \u00fcber den Verlauf und die Inahlte berichten.<\/strong><\/p>\n<p>&nbsp;<\/p>\n<p><em>*Die verwendete Endzeit ist nur rein formell und entspricht keiner Vorgabe aus der Gemeinde.<\/em><strong><br \/>\n<\/strong><\/p>\n<p><strong>\u00a0<\/strong><\/p>\n","protected":false},"excerpt":{"rendered":"<p>Am Montag den 06.07.2020 um 19:00 Uhr findet die n\u00e4chste Gemeinderatsitzung, in der Mehrzweckhalle Hausen statt. Die Gemeinde hat alle interessierten B\u00fcrger eingeladen. Denkt bitte an Euren Mundschutz! \u00d6ffentliche Tagesordnung: <a class=\"more-link\" href=\"https:\/\/uwg-hausen.de\/?tribe_events=gemeinderatssitzung-juli-2020\">Weiterlesen <i class=\"fa fa-chevron-right\"><\/i><\/a><\/p>\n","protected":false},"author":7,"featured_media":0,"template":"","meta":{"_eb_attr":"","_tribe_events_status":"","_tribe_events_status_reason":"","footnotes":""},"tags":[],"tribe_events_cat":[111,12,115],"class_list":["post-1531","tribe_events","type-tribe_events","status-publish","hentry","tribe_events_cat-entwicklung","tribe_events_cat-gemeinderatssitzung","tribe_events_cat-leben-in-hausen","cat_entwicklung","cat_gemeinderatssitzung","cat_leben-in-hausen"],"_links":{"self":[{"href":"https:\/\/uwg-hausen.de\/index.php?rest_route=\/wp\/v2\/tribe_events\/1531","targetHints":{"allow":["GET"]}}],"collection":[{"href":"https:\/\/uwg-hausen.de\/index.php?rest_route=\/wp\/v2\/tribe_events"}],"about":[{"href":"https:\/\/uwg-hausen.de\/index.php?rest_route=\/wp\/v2\/types\/tribe_events"}],"author":[{"embeddable":true,"href":"https:\/\/uwg-hausen.de\/index.php?rest_route=\/wp\/v2\/users\/7"}],"version-history":[{"count":1,"href":"https:\/\/uwg-hausen.de\/index.php?rest_route=\/wp\/v2\/tribe_events\/1531\/revisions"}],"predecessor-version":[{"id":1532,"href":"https:\/\/uwg-hausen.de\/index.php?rest_route=\/wp\/v2\/tribe_events\/1531\/revisions\/1532"}],"wp:attachment":[{"href":"https:\/\/uwg-hausen.de\/index.php?rest_route=%2Fwp%2Fv2%2Fmedia&parent=1531"}],"wp:term":[{"taxonomy":"post_tag","embeddable":true,"href":"https:\/\/uwg-hausen.de\/index.php?rest_route=%2Fwp%2Fv2%2Ftags&post=1531"},{"taxonomy":"tribe_events_cat","embeddable":true,"href":"https:\/\/uwg-hausen.de\/index.php?rest_route=%2Fwp%2Fv2%2Ftribe_events_cat&post=1531"}],"curies":[{"name":"wp","href":"https:\/\/api.w.org\/{rel}","templated":true}]}}

<p style="text-align: left;">Am Montag den 06.07.2020 um 19:00 Uhr findet die nächste Gemeinderatsitzung, in der Mehrzweckhalle Hausen statt.<br />
Die Gemeinde hat alle interessierten Bürger eingeladen.<br />
<strong>Denkt bitte an Euren <a href="https://www.facebook.com/hashtag/mundschutz" target="_blank" rel="noreferrer noopener">Mundschutz</a>!</strong></p>
<p><b>Öffentliche Tagesordnung:<br />
</b></p>
<table width="100%">
<tbody>
<tr>
<td width="11%">01</td>
<td width="89%">Genehmigung der öffentlichen Niederschrift vom 15.06.2020</td>
</tr>
<tr>
<td width="11%">02</td>
<td width="89%">Information des ersten Bürgermeisters</td>
</tr>
<tr>
<td width="11%">03</td>
<td width="89%">Öffentliche Bekanntgabe der in der nichtöffentlichen Sitzung gefassten Beschlüsse</td>
</tr>
<tr>
<td width="11%">04</td>
<td width="89%">Mitgliedschaft beim Tourismusverband Franken e.V.</td>
</tr>
<tr>
<td width="11%">05</td>
<td width="89%">Antrag: Ehrenkodex Gemeinderat</td>
</tr>
<tr>
<td width="11%">06</td>
<td width="89%">Antrag: Kita Schließzeiten und Beiträge durch Pandemie Geschehen</td>
</tr>
<tr>
<td width="11%">07</td>
<td width="89%">Antrag: Förderungsprüfung von einzelnen Projekten</td>
</tr>
<tr>
<td width="11%">08</td>
<td width="89%">Antrag: Ausweisung Sanierungsgebiet</td>
</tr>
<tr>
<td width="11%">09</td>
<td width="89%">Antrag: Beantragung Fördermittel Ortsverbindungsstraße Hausen-Thurn</td>
</tr>
<tr>
<td width="11%">10</td>
<td width="89%">Tagesordnungsergänzungen und Anfragen</td>
</tr>
</tbody>
</table>
<p><b> </b></p>
<p>&nbsp;</p>
<p><strong>Im Nachgang werden wir wieder in einem ausführlichen Beitrag über den Verlauf und die Inahlte berichten.</strong></p>
<p>&nbsp;</p>
<p><em>*Die verwendete Endzeit ist nur rein formell und entspricht keiner Vorgabe aus der Gemeinde.</em><strong><br />
</strong></p>
<p><strong> </strong></p>

<p>Am Montag den 06.07.2020 um 19:00 Uhr findet die nächste Gemeinderatsitzung, in der Mehrzweckhalle Hausen statt. Die Gemeinde hat alle interessierten Bürger eingeladen. Denkt bitte an Euren Mundschutz! Öffentliche Tagesordnung: <a class="more-link" href="https://uwg-hausen.de/?tribe_events=gemeinderatssitzung-juli-2020">Weiterlesen <i class="fa fa-chevron-right"></i></a></p>
