{"id":1524,"date":"2020-06-11T12:00:46","date_gmt":"2020-06-11T12:00:46","guid":{"rendered":"http:\/\/uwg-hausen.de\/?post_type=tribe_events&#038;p=1524"},"modified":"2020-08-15T13:56:21","modified_gmt":"2020-08-15T13:56:21","slug":"bauausschuss-juni-2020","status":"publish","type":"tribe_events","link":"https:\/\/uwg-hausen.de\/?tribe_events=bauausschuss-juni-2020","title":{"rendered":"Bauausschuss &#8211; Juni 2020"},"content":{"rendered":"<p style=\"text-align: left;\">Am Dienstag den 16.06.2020 findet um 19:00 Uhr\u00a0 die Sitzung vom Bauausschuss, in der Mehrzweckhalle Hausen statt.<br \/>\nDie Gemeinde hat alle interessierten B\u00fcrger eingeladen.<br \/>\n<strong>Denkt bitte an Euren <a href=\"https:\/\/www.facebook.com\/hashtag\/mundschutz\" target=\"_blank\" rel=\"noreferrer noopener\">Mundschutz<\/a>!<\/strong><\/p>\n<p><b>\u00d6ffentliche Tagesordnung:<br \/>\n<\/b><\/p>\n<table width=\"100%\">\n<tbody>\n<tr>\n<td width=\"11%\">01<\/td>\n<td width=\"89%\">Genehmigung der \u00f6ffentlichen Niederschrift vom 12.05.2020<\/td>\n<\/tr>\n<tr>\n<td width=\"11%\">02<\/td>\n<td width=\"89%\">\u00d6ffentliche Bekanntgabe der in der nicht\u00f6ffentlichen Sitzung gefassten Beschl\u00fcsse<\/td>\n<\/tr>\n<tr>\n<td width=\"11%\">03<\/td>\n<td width=\"89%\">Beteiligung der Tr\u00e4ger \u00f6ffentlicher Belange gem. \u00a7 4 Abs. 2 BauGB; \u00c4nderung Fl\u00e4chennutzungs- und Landschaftsplanes im Bereich des Bebauungsplanes und Gr\u00fcnordnungsplanes Nr. 11\/14 (Neuaufstellung) Gebiet Forchheim &#8211; Kersbach, Bereich s\u00fcdlich Gewerbegebiet &#8220;Sand\u00e4cker&#8221;, zwischen Bahnlinie und St 2243 Gewerbegebiet &#8220;Bertelsweiher&#8221;<\/td>\n<\/tr>\n<tr>\n<td width=\"11%\">04<\/td>\n<td width=\"89%\">Anbau einer unbeheizten Dachloggiaverglasung auf dem Grundst\u00fcck Fl.-Nr. 741\/22 der Gmkg. Hausen<\/td>\n<\/tr>\n<tr>\n<td width=\"11%\">05<\/td>\n<td width=\"89%\">An- und Umbau eines best. Zweifamilienhauses in ein Einfamilienwohnhaus mit integrierter B\u00fcroeinheit; Abbruch sowie Neuerrichtung einer best. Garage auf dem Grundst\u00fcck Fl.-Nr. 741\/7<\/td>\n<\/tr>\n<tr>\n<td width=\"11%\">06<\/td>\n<td width=\"89%\">Errichtung einer \u00dcberdachung f\u00fcr den Waldkindergarten auf dem Grundst\u00fcck Fl.-Nr. 798 der Gmkg. Mark, gemeindefreies Gebiet<\/td>\n<\/tr>\n<tr>\n<td width=\"11%\">07<\/td>\n<td width=\"89%\">Aufstellung eines Schaukastens f\u00fcr den Waldkindergarten auf dem Grundst\u00fcck Fl.-Nr. 882 der Gmkg. Hausen<\/td>\n<\/tr>\n<tr>\n<td width=\"11%\">08<\/td>\n<td width=\"89%\">Tagesordnungserg\u00e4nzungen, Informationen und Anfragen<\/td>\n<\/tr>\n<\/tbody>\n<\/table>\n<p><em>*Die verwendete Endzeit ist nur rein formell und entspricht keiner Vorgabe.<\/em><strong><br \/>\n<\/strong><\/p>\n","protected":false},"excerpt":{"rendered":"<p>Am Dienstag den 16.06.2020 findet um 19:00 Uhr\u00a0 die Sitzung vom Bauausschuss, in der Mehrzweckhalle Hausen statt. Die Gemeinde hat alle interessierten B\u00fcrger eingeladen. Denkt bitte an Euren Mundschutz! \u00d6ffentliche <a class=\"more-link\" href=\"https:\/\/uwg-hausen.de\/?tribe_events=bauausschuss-juni-2020\">Weiterlesen <i class=\"fa fa-chevron-right\"><\/i><\/a><\/p>\n","protected":false},"author":7,"featured_media":0,"template":"","meta":{"_eb_attr":"","_tribe_events_status":"","_tribe_events_status_reason":"","footnotes":""},"tags":[],"tribe_events_cat":[15,111,113,112,115],"class_list":["post-1524","tribe_events","type-tribe_events","status-publish","hentry","tribe_events_cat-bauausschusssitzung","tribe_events_cat-entwicklung","tribe_events_cat-infrastruktur","tribe_events_cat-isek","tribe_events_cat-leben-in-hausen","cat_bauausschusssitzung","cat_entwicklung","cat_infrastruktur","cat_isek","cat_leben-in-hausen"],"_links":{"self":[{"href":"https:\/\/uwg-hausen.de\/index.php?rest_route=\/wp\/v2\/tribe_events\/1524","targetHints":{"allow":["GET"]}}],"collection":[{"href":"https:\/\/uwg-hausen.de\/index.php?rest_route=\/wp\/v2\/tribe_events"}],"about":[{"href":"https:\/\/uwg-hausen.de\/index.php?rest_route=\/wp\/v2\/types\/tribe_events"}],"author":[{"embeddable":true,"href":"https:\/\/uwg-hausen.de\/index.php?rest_route=\/wp\/v2\/users\/7"}],"version-history":[{"count":2,"href":"https:\/\/uwg-hausen.de\/index.php?rest_route=\/wp\/v2\/tribe_events\/1524\/revisions"}],"predecessor-version":[{"id":1529,"href":"https:\/\/uwg-hausen.de\/index.php?rest_route=\/wp\/v2\/tribe_events\/1524\/revisions\/1529"}],"wp:attachment":[{"href":"https:\/\/uwg-hausen.de\/index.php?rest_route=%2Fwp%2Fv2%2Fmedia&parent=1524"}],"wp:term":[{"taxonomy":"post_tag","embeddable":true,"href":"https:\/\/uwg-hausen.de\/index.php?rest_route=%2Fwp%2Fv2%2Ftags&post=1524"},{"taxonomy":"tribe_events_cat","embeddable":true,"href":"https:\/\/uwg-hausen.de\/index.php?rest_route=%2Fwp%2Fv2%2Ftribe_events_cat&post=1524"}],"curies":[{"name":"wp","href":"https:\/\/api.w.org\/{rel}","templated":true}]}}

<p style="text-align: left;">Am Dienstag den 16.06.2020 findet um 19:00 Uhr  die Sitzung vom Bauausschuss, in der Mehrzweckhalle Hausen statt.<br />
Die Gemeinde hat alle interessierten Bürger eingeladen.<br />
<strong>Denkt bitte an Euren <a href="https://www.facebook.com/hashtag/mundschutz" target="_blank" rel="noreferrer noopener">Mundschutz</a>!</strong></p>
<p><b>Öffentliche Tagesordnung:<br />
</b></p>
<table width="100%">
<tbody>
<tr>
<td width="11%">01</td>
<td width="89%">Genehmigung der öffentlichen Niederschrift vom 12.05.2020</td>
</tr>
<tr>
<td width="11%">02</td>
<td width="89%">Öffentliche Bekanntgabe der in der nichtöffentlichen Sitzung gefassten Beschlüsse</td>
</tr>
<tr>
<td width="11%">03</td>
<td width="89%">Beteiligung der Träger öffentlicher Belange gem. § 4 Abs. 2 BauGB; Änderung Flächennutzungs- und Landschaftsplanes im Bereich des Bebauungsplanes und Grünordnungsplanes Nr. 11/14 (Neuaufstellung) Gebiet Forchheim &#8211; Kersbach, Bereich südlich Gewerbegebiet &#8220;Sandäcker&#8221;, zwischen Bahnlinie und St 2243 Gewerbegebiet &#8220;Bertelsweiher&#8221;</td>
</tr>
<tr>
<td width="11%">04</td>
<td width="89%">Anbau einer unbeheizten Dachloggiaverglasung auf dem Grundstück Fl.-Nr. 741/22 der Gmkg. Hausen</td>
</tr>
<tr>
<td width="11%">05</td>
<td width="89%">An- und Umbau eines best. Zweifamilienhauses in ein Einfamilienwohnhaus mit integrierter Büroeinheit; Abbruch sowie Neuerrichtung einer best. Garage auf dem Grundstück Fl.-Nr. 741/7</td>
</tr>
<tr>
<td width="11%">06</td>
<td width="89%">Errichtung einer Überdachung für den Waldkindergarten auf dem Grundstück Fl.-Nr. 798 der Gmkg. Mark, gemeindefreies Gebiet</td>
</tr>
<tr>
<td width="11%">07</td>
<td width="89%">Aufstellung eines Schaukastens für den Waldkindergarten auf dem Grundstück Fl.-Nr. 882 der Gmkg. Hausen</td>
</tr>
<tr>
<td width="11%">08</td>
<td width="89%">Tagesordnungsergänzungen, Informationen und Anfragen</td>
</tr>
</tbody>
</table>
<p><em>*Die verwendete Endzeit ist nur rein formell und entspricht keiner Vorgabe.</em><strong><br />
</strong></p>

<p>Am Dienstag den 16.06.2020 findet um 19:00 Uhr  die Sitzung vom Bauausschuss, in der Mehrzweckhalle Hausen statt. Die Gemeinde hat alle interessierten Bürger eingeladen. Denkt bitte an Euren Mundschutz! Öffentliche <a class="more-link" href="https://uwg-hausen.de/?tribe_events=bauausschuss-juni-2020">Weiterlesen <i class="fa fa-chevron-right"></i></a></p>
