{"id":1236,"date":"2020-02-12T23:01:47","date_gmt":"2020-02-12T23:01:47","guid":{"rendered":"http:\/\/uwg-hausen.de\/?post_type=tribe_events&#038;p=1236"},"modified":"2020-02-12T23:03:38","modified_gmt":"2020-02-12T23:03:38","slug":"die-juw-stellt-sich-vor-hausen","status":"publish","type":"tribe_events","link":"https:\/\/uwg-hausen.de\/?tribe_events=die-juw-stellt-sich-vor-hausen","title":{"rendered":"Die JUW stellt sich vor &#8211; Hausen"},"content":{"rendered":"<p style=\"text-align: center;\">Die Jungen Unabh\u00e4ngigen W\u00e4hler (JUW) Hausen &amp; Wimmelbach<br \/>\nm\u00f6chten alle Interessierten zu ihren beiden Wahlveranstaltungen einladen.<\/p>\n<p style=\"text-align: center;\">am 18.02.2020, ab 19:00 Uhr &#8211; im Schwarzen Amboss in Hausen.<\/p>\n<p style=\"text-align: center;\">Hauptinhalt der Veranstaltungen wird die Vorstellung der Kandidatenliste und Themen sein.<\/p>\n<h3 style=\"text-align: center;\">Gastredner Vorsitzende der Freien W\u00e4hler Forchheim und Bezirksrat <a href=\"http:\/\/manfred-huemmer.de\/\" target=\"_blank\" rel=\"noopener noreferrer\">Manfred H\u00fcmmer<\/a>.<\/h3>\n<p style=\"text-align: center;\"><em>\u00a0<\/em><\/p>\n","protected":false},"excerpt":{"rendered":"<p>Die Jungen Unabh\u00e4ngigen W\u00e4hler (JUW) Hausen &amp; Wimmelbach m\u00f6chten alle Interessierten zu ihren beiden Wahlveranstaltungen einladen. am 18.02.2020, ab 19:00 Uhr &#8211; im Schwarzen Amboss in Hausen. Hauptinhalt der Veranstaltungen <a class=\"more-link\" href=\"https:\/\/uwg-hausen.de\/?tribe_events=die-juw-stellt-sich-vor-hausen\">Weiterlesen <i class=\"fa fa-chevron-right\"><\/i><\/a><\/p>\n","protected":false},"author":2,"featured_media":591,"template":"","meta":{"_eb_attr":"","_tribe_events_status":"","_tribe_events_status_reason":"","footnotes":""},"tags":[],"tribe_events_cat":[126,111,79],"class_list":["post-1236","tribe_events","type-tribe_events","status-publish","has-post-thumbnail","hentry","tribe_events_cat-dialog","tribe_events_cat-entwicklung","tribe_events_cat-juw","cat_dialog","cat_entwicklung","cat_juw"],"_links":{"self":[{"href":"https:\/\/uwg-hausen.de\/index.php?rest_route=\/wp\/v2\/tribe_events\/1236","targetHints":{"allow":["GET"]}}],"collection":[{"href":"https:\/\/uwg-hausen.de\/index.php?rest_route=\/wp\/v2\/tribe_events"}],"about":[{"href":"https:\/\/uwg-hausen.de\/index.php?rest_route=\/wp\/v2\/types\/tribe_events"}],"author":[{"embeddable":true,"href":"https:\/\/uwg-hausen.de\/index.php?rest_route=\/wp\/v2\/users\/2"}],"version-history":[{"count":1,"href":"https:\/\/uwg-hausen.de\/index.php?rest_route=\/wp\/v2\/tribe_events\/1236\/revisions"}],"predecessor-version":[{"id":1237,"href":"https:\/\/uwg-hausen.de\/index.php?rest_route=\/wp\/v2\/tribe_events\/1236\/revisions\/1237"}],"wp:featuredmedia":[{"embeddable":true,"href":"https:\/\/uwg-hausen.de\/index.php?rest_route=\/wp\/v2\/media\/591"}],"wp:attachment":[{"href":"https:\/\/uwg-hausen.de\/index.php?rest_route=%2Fwp%2Fv2%2Fmedia&parent=1236"}],"wp:term":[{"taxonomy":"post_tag","embeddable":true,"href":"https:\/\/uwg-hausen.de\/index.php?rest_route=%2Fwp%2Fv2%2Ftags&post=1236"},{"taxonomy":"tribe_events_cat","embeddable":true,"href":"https:\/\/uwg-hausen.de\/index.php?rest_route=%2Fwp%2Fv2%2Ftribe_events_cat&post=1236"}],"curies":[{"name":"wp","href":"https:\/\/api.w.org\/{rel}","templated":true}]}}

<p style="text-align: center;">Die Jungen Unabhängigen Wähler (JUW) Hausen &amp; Wimmelbach<br />
möchten alle Interessierten zu ihren beiden Wahlveranstaltungen einladen.</p>
<p style="text-align: center;">am 18.02.2020, ab 19:00 Uhr &#8211; im Schwarzen Amboss in Hausen.</p>
<p style="text-align: center;">Hauptinhalt der Veranstaltungen wird die Vorstellung der Kandidatenliste und Themen sein.</p>
<h3 style="text-align: center;">Gastredner Vorsitzende der Freien Wähler Forchheim und Bezirksrat <a href="http://manfred-huemmer.de/" target="_blank" rel="noopener noreferrer">Manfred Hümmer</a>.</h3>
<p style="text-align: center;"><em> </em></p>

<p>Die Jungen Unabhängigen Wähler (JUW) Hausen &amp; Wimmelbach möchten alle Interessierten zu ihren beiden Wahlveranstaltungen einladen. am 18.02.2020, ab 19:00 Uhr &#8211; im Schwarzen Amboss in Hausen. Hauptinhalt der Veranstaltungen <a class="more-link" href="https://uwg-hausen.de/?tribe_events=die-juw-stellt-sich-vor-hausen">Weiterlesen <i class="fa fa-chevron-right"></i></a></p>
