{"id":1229,"date":"2020-02-12T22:49:21","date_gmt":"2020-02-12T22:49:21","guid":{"rendered":"http:\/\/uwg-hausen.de\/?post_type=tribe_events&#038;p=1229"},"modified":"2020-02-25T19:02:08","modified_gmt":"2020-02-25T19:02:08","slug":"infostand-kindergarten-lohe-hausen","status":"publish","type":"tribe_events","link":"https:\/\/uwg-hausen.de\/?tribe_events=infostand-kindergarten-lohe-hausen","title":{"rendered":"Infostand Kindergarten Lohe &#8211; Hausen"},"content":{"rendered":"<p style=\"text-align: center;\">Der UWG-Hausen ist der Dialog mit den B\u00fcrgern wichtig.<br \/>\nDaher l\u00e4dt unser B\u00fcrgermeisterkandidat <a href=\"http:\/\/uwg-hausen.de\/?p=392\" target=\"_blank\" rel=\"noopener noreferrer\">Thomas Schmitt<\/a> gemeinsam mit den Gemeinderatskandidaten der UWG und JUW zum Gespr\u00e4ch ein:<\/p>\n<h3 style=\"text-align: center;\">Samstag, 07. M\u00e4rz, von 10.00 bis 13.00 Uhr<\/h3>\n<h5 style=\"text-align: center;\">Infostand am Kindergarten Lohe, Hausen<br \/>\n(Parkplatz)<\/h5>\n<p style=\"text-align: center;\">\n","protected":false},"excerpt":{"rendered":"<p>Der UWG-Hausen ist der Dialog mit den B\u00fcrgern wichtig. Daher l\u00e4dt unser B\u00fcrgermeisterkandidat Thomas Schmitt gemeinsam mit den Gemeinderatskandidaten der UWG und JUW zum Gespr\u00e4ch ein: Samstag, 07. M\u00e4rz, von <a class=\"more-link\" href=\"https:\/\/uwg-hausen.de\/?tribe_events=infostand-kindergarten-lohe-hausen\">Weiterlesen <i class=\"fa fa-chevron-right\"><\/i><\/a><\/p>\n","protected":false},"author":2,"featured_media":0,"template":"","meta":{"_eb_attr":"","_tribe_events_status":"","_tribe_events_status_reason":"","footnotes":""},"tags":[],"tribe_events_cat":[126,111,92,125,113,112,79,16,115,114],"class_list":["post-1229","tribe_events","type-tribe_events","status-publish","hentry","tribe_events_cat-dialog","tribe_events_cat-entwicklung","tribe_events_cat-familie","tribe_events_cat-infostand","tribe_events_cat-infrastruktur","tribe_events_cat-isek","tribe_events_cat-juw","tribe_events_cat-kultur","tribe_events_cat-leben-in-hausen","tribe_events_cat-senioren","cat_dialog","cat_entwicklung","cat_familie","cat_infostand","cat_infrastruktur","cat_isek","cat_juw","cat_kultur","cat_leben-in-hausen","cat_senioren"],"_links":{"self":[{"href":"https:\/\/uwg-hausen.de\/index.php?rest_route=\/wp\/v2\/tribe_events\/1229","targetHints":{"allow":["GET"]}}],"collection":[{"href":"https:\/\/uwg-hausen.de\/index.php?rest_route=\/wp\/v2\/tribe_events"}],"about":[{"href":"https:\/\/uwg-hausen.de\/index.php?rest_route=\/wp\/v2\/types\/tribe_events"}],"author":[{"embeddable":true,"href":"https:\/\/uwg-hausen.de\/index.php?rest_route=\/wp\/v2\/users\/2"}],"version-history":[{"count":3,"href":"https:\/\/uwg-hausen.de\/index.php?rest_route=\/wp\/v2\/tribe_events\/1229\/revisions"}],"predecessor-version":[{"id":1346,"href":"https:\/\/uwg-hausen.de\/index.php?rest_route=\/wp\/v2\/tribe_events\/1229\/revisions\/1346"}],"wp:attachment":[{"href":"https:\/\/uwg-hausen.de\/index.php?rest_route=%2Fwp%2Fv2%2Fmedia&parent=1229"}],"wp:term":[{"taxonomy":"post_tag","embeddable":true,"href":"https:\/\/uwg-hausen.de\/index.php?rest_route=%2Fwp%2Fv2%2Ftags&post=1229"},{"taxonomy":"tribe_events_cat","embeddable":true,"href":"https:\/\/uwg-hausen.de\/index.php?rest_route=%2Fwp%2Fv2%2Ftribe_events_cat&post=1229"}],"curies":[{"name":"wp","href":"https:\/\/api.w.org\/{rel}","templated":true}]}}

<p style="text-align: center;">Der UWG-Hausen ist der Dialog mit den Bürgern wichtig.<br />
Daher lädt unser Bürgermeisterkandidat <a href="http://uwg-hausen.de/?p=392" target="_blank" rel="noopener noreferrer">Thomas Schmitt</a> gemeinsam mit den Gemeinderatskandidaten der UWG und JUW zum Gespräch ein:</p>
<h3 style="text-align: center;">Samstag, 07. März, von 10.00 bis 13.00 Uhr</h3>
<h5 style="text-align: center;">Infostand am Kindergarten Lohe, Hausen<br />
(Parkplatz)</h5>
<p style="text-align: center;">

<p>Der UWG-Hausen ist der Dialog mit den Bürgern wichtig. Daher lädt unser Bürgermeisterkandidat Thomas Schmitt gemeinsam mit den Gemeinderatskandidaten der UWG und JUW zum Gespräch ein: Samstag, 07. März, von <a class="more-link" href="https://uwg-hausen.de/?tribe_events=infostand-kindergarten-lohe-hausen">Weiterlesen <i class="fa fa-chevron-right"></i></a></p>
