{"id":1214,"date":"2020-02-12T22:35:07","date_gmt":"2020-02-12T22:35:07","guid":{"rendered":"http:\/\/uwg-hausen.de\/?post_type=tribe_events&#038;p=1214"},"modified":"2020-02-12T23:07:40","modified_gmt":"2020-02-12T23:07:40","slug":"offener-dialog-in-der-krone-hausen","status":"publish","type":"tribe_events","link":"https:\/\/uwg-hausen.de\/?tribe_events=offener-dialog-in-der-krone-hausen","title":{"rendered":"offener Dialog in der Krone &#8211; Hausen"},"content":{"rendered":"<p style=\"text-align: center;\">Der UWG-Hausen ist der Dialog mit den B\u00fcrgern wichtig.<br \/>\nDaher l\u00e4dt unser B\u00fcrgermeisterkandidat <a href=\"http:\/\/uwg-hausen.de\/?p=392\" target=\"_blank\" rel=\"noopener noreferrer\">Thomas Schmitt<\/a> gemeinsam mit den Gemeinderatskandidaten der UWG und JUW zum Gespr\u00e4ch ein:<\/p>\n<h3 style=\"text-align: center;\">Sonntag, 16. Februar, von 10.30 bis 12 Uhr<\/h3>\n<h5 style=\"text-align: center;\">im Gasthaus &#8220;Krone&#8221; in Hausen<\/h5>\n<p>&nbsp;<\/p>\n","protected":false},"excerpt":{"rendered":"<p>Der UWG-Hausen ist der Dialog mit den B\u00fcrgern wichtig. Daher l\u00e4dt unser B\u00fcrgermeisterkandidat Thomas Schmitt gemeinsam mit den Gemeinderatskandidaten der UWG und JUW zum Gespr\u00e4ch ein: Sonntag, 16. Februar, von <a class=\"more-link\" href=\"https:\/\/uwg-hausen.de\/?tribe_events=offener-dialog-in-der-krone-hausen\">Weiterlesen <i class=\"fa fa-chevron-right\"><\/i><\/a><\/p>\n","protected":false},"author":2,"featured_media":0,"template":"","meta":{"_eb_attr":"","_tribe_events_status":"","_tribe_events_status_reason":"","footnotes":""},"tags":[],"tribe_events_cat":[126,111,92,113,112,79,16,115,114],"class_list":["post-1214","tribe_events","type-tribe_events","status-publish","hentry","tribe_events_cat-dialog","tribe_events_cat-entwicklung","tribe_events_cat-familie","tribe_events_cat-infrastruktur","tribe_events_cat-isek","tribe_events_cat-juw","tribe_events_cat-kultur","tribe_events_cat-leben-in-hausen","tribe_events_cat-senioren","cat_dialog","cat_entwicklung","cat_familie","cat_infrastruktur","cat_isek","cat_juw","cat_kultur","cat_leben-in-hausen","cat_senioren"],"_links":{"self":[{"href":"https:\/\/uwg-hausen.de\/index.php?rest_route=\/wp\/v2\/tribe_events\/1214","targetHints":{"allow":["GET"]}}],"collection":[{"href":"https:\/\/uwg-hausen.de\/index.php?rest_route=\/wp\/v2\/tribe_events"}],"about":[{"href":"https:\/\/uwg-hausen.de\/index.php?rest_route=\/wp\/v2\/types\/tribe_events"}],"author":[{"embeddable":true,"href":"https:\/\/uwg-hausen.de\/index.php?rest_route=\/wp\/v2\/users\/2"}],"version-history":[{"count":5,"href":"https:\/\/uwg-hausen.de\/index.php?rest_route=\/wp\/v2\/tribe_events\/1214\/revisions"}],"predecessor-version":[{"id":1244,"href":"https:\/\/uwg-hausen.de\/index.php?rest_route=\/wp\/v2\/tribe_events\/1214\/revisions\/1244"}],"wp:attachment":[{"href":"https:\/\/uwg-hausen.de\/index.php?rest_route=%2Fwp%2Fv2%2Fmedia&parent=1214"}],"wp:term":[{"taxonomy":"post_tag","embeddable":true,"href":"https:\/\/uwg-hausen.de\/index.php?rest_route=%2Fwp%2Fv2%2Ftags&post=1214"},{"taxonomy":"tribe_events_cat","embeddable":true,"href":"https:\/\/uwg-hausen.de\/index.php?rest_route=%2Fwp%2Fv2%2Ftribe_events_cat&post=1214"}],"curies":[{"name":"wp","href":"https:\/\/api.w.org\/{rel}","templated":true}]}}

<p style="text-align: center;">Der UWG-Hausen ist der Dialog mit den Bürgern wichtig.<br />
Daher lädt unser Bürgermeisterkandidat <a href="http://uwg-hausen.de/?p=392" target="_blank" rel="noopener noreferrer">Thomas Schmitt</a> gemeinsam mit den Gemeinderatskandidaten der UWG und JUW zum Gespräch ein:</p>
<h3 style="text-align: center;">Sonntag, 16. Februar, von 10.30 bis 12 Uhr</h3>
<h5 style="text-align: center;">im Gasthaus &#8220;Krone&#8221; in Hausen</h5>
<p>&nbsp;</p>

<p>Der UWG-Hausen ist der Dialog mit den Bürgern wichtig. Daher lädt unser Bürgermeisterkandidat Thomas Schmitt gemeinsam mit den Gemeinderatskandidaten der UWG und JUW zum Gespräch ein: Sonntag, 16. Februar, von <a class="more-link" href="https://uwg-hausen.de/?tribe_events=offener-dialog-in-der-krone-hausen">Weiterlesen <i class="fa fa-chevron-right"></i></a></p>
