{"id":1211,"date":"2020-02-12T22:32:10","date_gmt":"2020-02-12T22:32:10","guid":{"rendered":"http:\/\/uwg-hausen.de\/?post_type=tribe_events&#038;p=1211"},"modified":"2020-02-12T23:04:58","modified_gmt":"2020-02-12T23:04:58","slug":"infostand-in-der-kirchenstrasse-wimmelbach","status":"publish","type":"tribe_events","link":"https:\/\/uwg-hausen.de\/?tribe_events=infostand-in-der-kirchenstrasse-wimmelbach","title":{"rendered":"Infostand in der Kirchenstra\u00dfe &#8211; Wimmelbach"},"content":{"rendered":"<p style=\"text-align: center;\">Der UWG -Hausen ist der Dialog mit den B\u00fcrgern wichtig.<br \/>\nDaher l\u00e4dt unser B\u00fcrgermeisterkandidat <a href=\"http:\/\/uwg-hausen.de\/?p=392\" target=\"_blank\" rel=\"noopener noreferrer\">Thomas Schmitt<\/a> gemeinsam mit den Gemeinderatskandidaten der UWG und JUW zum Gespr\u00e4ch ein:<\/p>\n<h4 style=\"text-align: center;\">Samstag, 15. Februar, von 10 bis 13 Uhr,<\/h4>\n<p style=\"text-align: center;\">Infostand in der Kirchenstra\u00dfe (Parkplatz Kirche) in Wimmelbach<\/p>\n","protected":false},"excerpt":{"rendered":"<p>Der UWG -Hausen ist der Dialog mit den B\u00fcrgern wichtig. Daher l\u00e4dt unser B\u00fcrgermeisterkandidat Thomas Schmitt gemeinsam mit den Gemeinderatskandidaten der UWG und JUW zum Gespr\u00e4ch ein: Samstag, 15. Februar, <a class=\"more-link\" href=\"https:\/\/uwg-hausen.de\/?tribe_events=infostand-in-der-kirchenstrasse-wimmelbach\">Weiterlesen <i class=\"fa fa-chevron-right\"><\/i><\/a><\/p>\n","protected":false},"author":2,"featured_media":0,"template":"","meta":{"_eb_attr":"","_tribe_events_status":"","_tribe_events_status_reason":"","footnotes":""},"tags":[],"tribe_events_cat":[126,111,92,125,113,112,79,16,115,114],"class_list":["post-1211","tribe_events","type-tribe_events","status-publish","hentry","tribe_events_cat-dialog","tribe_events_cat-entwicklung","tribe_events_cat-familie","tribe_events_cat-infostand","tribe_events_cat-infrastruktur","tribe_events_cat-isek","tribe_events_cat-juw","tribe_events_cat-kultur","tribe_events_cat-leben-in-hausen","tribe_events_cat-senioren","cat_dialog","cat_entwicklung","cat_familie","cat_infostand","cat_infrastruktur","cat_isek","cat_juw","cat_kultur","cat_leben-in-hausen","cat_senioren"],"_links":{"self":[{"href":"https:\/\/uwg-hausen.de\/index.php?rest_route=\/wp\/v2\/tribe_events\/1211","targetHints":{"allow":["GET"]}}],"collection":[{"href":"https:\/\/uwg-hausen.de\/index.php?rest_route=\/wp\/v2\/tribe_events"}],"about":[{"href":"https:\/\/uwg-hausen.de\/index.php?rest_route=\/wp\/v2\/types\/tribe_events"}],"author":[{"embeddable":true,"href":"https:\/\/uwg-hausen.de\/index.php?rest_route=\/wp\/v2\/users\/2"}],"version-history":[{"count":3,"href":"https:\/\/uwg-hausen.de\/index.php?rest_route=\/wp\/v2\/tribe_events\/1211\/revisions"}],"predecessor-version":[{"id":1240,"href":"https:\/\/uwg-hausen.de\/index.php?rest_route=\/wp\/v2\/tribe_events\/1211\/revisions\/1240"}],"wp:attachment":[{"href":"https:\/\/uwg-hausen.de\/index.php?rest_route=%2Fwp%2Fv2%2Fmedia&parent=1211"}],"wp:term":[{"taxonomy":"post_tag","embeddable":true,"href":"https:\/\/uwg-hausen.de\/index.php?rest_route=%2Fwp%2Fv2%2Ftags&post=1211"},{"taxonomy":"tribe_events_cat","embeddable":true,"href":"https:\/\/uwg-hausen.de\/index.php?rest_route=%2Fwp%2Fv2%2Ftribe_events_cat&post=1211"}],"curies":[{"name":"wp","href":"https:\/\/api.w.org\/{rel}","templated":true}]}}

Infostand in der Kirchenstraße &#8211; Wimmelbach

<p style="text-align: center;">Der UWG -Hausen ist der Dialog mit den Bürgern wichtig.<br />
Daher lädt unser Bürgermeisterkandidat <a href="http://uwg-hausen.de/?p=392" target="_blank" rel="noopener noreferrer">Thomas Schmitt</a> gemeinsam mit den Gemeinderatskandidaten der UWG und JUW zum Gespräch ein:</p>
<h4 style="text-align: center;">Samstag, 15. Februar, von 10 bis 13 Uhr,</h4>
<p style="text-align: center;">Infostand in der Kirchenstraße (Parkplatz Kirche) in Wimmelbach</p>

<p>Der UWG -Hausen ist der Dialog mit den Bürgern wichtig. Daher lädt unser Bürgermeisterkandidat Thomas Schmitt gemeinsam mit den Gemeinderatskandidaten der UWG und JUW zum Gespräch ein: Samstag, 15. Februar, <a class="more-link" href="https://uwg-hausen.de/?tribe_events=infostand-in-der-kirchenstrasse-wimmelbach">Weiterlesen <i class="fa fa-chevron-right"></i></a></p>
