{"id":2979,"date":"2026-01-30T17:18:03","date_gmt":"2026-01-30T16:18:03","guid":{"rendered":"https:\/\/uwg-hausen.de\/?page_id=2979"},"modified":"2026-02-04T22:12:17","modified_gmt":"2026-02-04T21:12:17","slug":"krone-ortsmitte","status":"publish","type":"page","link":"https:\/\/uwg-hausen.de\/?page_id=2979","title":{"rendered":"Krone &amp; Ortsmitte"},"content":{"rendered":"\t\t<div data-elementor-type=\"wp-page\" data-elementor-id=\"2979\" class=\"elementor elementor-2979\" data-elementor-post-type=\"page\">\n\t\t\t\t\t\t<section class=\"elementor-section elementor-top-section elementor-element elementor-element-2aa33c7 elementor-section-boxed elementor-section-height-default elementor-section-height-default\" data-id=\"2aa33c7\" data-element_type=\"section\" data-e-type=\"section\">\n\t\t\t\t\t\t<div class=\"elementor-container elementor-column-gap-default\">\n\t\t\t\t\t<div class=\"elementor-column elementor-col-100 elementor-top-column elementor-element elementor-element-f51c0a0\" data-id=\"f51c0a0\" data-element_type=\"column\" data-e-type=\"column\">\n\t\t\t<div class=\"elementor-widget-wrap elementor-element-populated\">\n\t\t\t\t\t\t<div class=\"elementor-element elementor-element-48aa6a0 elementor-icon-list--layout-traditional elementor-list-item-link-full_width elementor-widget elementor-widget-icon-list\" data-id=\"48aa6a0\" data-element_type=\"widget\" data-e-type=\"widget\" data-widget_type=\"icon-list.default\">\n\t\t\t\t<div class=\"elementor-widget-container\">\n\t\t\t\t\t\t\t<ul class=\"elementor-icon-list-items\">\n\t\t\t\t\t\t\t<li class=\"elementor-icon-list-item\">\n\t\t\t\t\t\t\t\t\t\t\t<a href=\"https:\/\/uwg-hausen.de\/?page_id=3206\">\n\n\t\t\t\t\t\t\t\t\t\t\t\t<span class=\"elementor-icon-list-icon\">\n\t\t\t\t\t\t\t<i aria-hidden=\"true\" class=\"fas fa-arrow-left\"><\/i>\t\t\t\t\t\t<\/span>\n\t\t\t\t\t\t\t\t\t\t<span class=\"elementor-icon-list-text\"><b>Hier geht es zur \u00dcbersicht aller Fokusthemen <\/b><\/span>\n\t\t\t\t\t\t\t\t\t\t\t<\/a>\n\t\t\t\t\t\t\t\t\t<\/li>\n\t\t\t\t\t\t<\/ul>\n\t\t\t\t\t\t<\/div>\n\t\t\t\t<\/div>\n\t\t\t\t\t<\/div>\n\t\t<\/div>\n\t\t\t\t\t<\/div>\n\t\t<\/section>\n\t\t\t\t<section class=\"elementor-section elementor-top-section elementor-element elementor-element-d08fdd8 elementor-section-boxed elementor-section-height-default elementor-section-height-default\" data-id=\"d08fdd8\" data-element_type=\"section\" data-e-type=\"section\">\n\t\t\t\t\t\t<div class=\"elementor-container elementor-column-gap-default\">\n\t\t\t\t\t<div class=\"elementor-column elementor-col-50 elementor-top-column elementor-element elementor-element-9f7116f\" data-id=\"9f7116f\" data-element_type=\"column\" data-e-type=\"column\">\n\t\t\t<div class=\"elementor-widget-wrap elementor-element-populated\">\n\t\t\t\t\t\t<div class=\"elementor-element elementor-element-39249c5 elementor-widget elementor-widget-text-editor\" data-id=\"39249c5\" data-element_type=\"widget\" data-e-type=\"widget\" data-widget_type=\"text-editor.default\">\n\t\t\t\t<div class=\"elementor-widget-container\">\n\t\t\t\t\t\t\t\t\t<h4><strong>Herz der Gemeinde<\/strong><\/h4><p>Die Ortsmitte ist das Zentrum von Hausen \u2013 und mit der Krone haben wir dort einen Ort, der wieder mehr Leben bringen kann: F\u00fcr Vereine, bezahlbare R\u00e4ume, Begegnung und Gemeinschaft.<\/p><p>F\u00fcr uns ist klar: Die Kerwa geh\u00f6rt in die Ortsmitte nirgendwo anders. Damit die Krone vorankommt und langfristig nutzbar, lebendig und bezahlbar bleibt, braucht es zuerst einen klaren Plan: Ein Nutzungs- und F\u00f6rderkonzept (ISEK\/Quartierskonzept). Das ist keine B\u00fcrokratie, sondern der Weg, F\u00f6rderf\u00e4higkeit herzustellen und F\u00f6rdermittel systematisch zu sichern \u2013 mit klarer Schrittfolge und nachvollziehbaren Entscheidungen.<\/p><p>Unser Anspruch: F\u00f6rdermittel aktiv nutzen, Schritt f\u00fcr Schritt sanieren, transparent entscheiden \u2013 damit die Krone wieder ein Ort f\u00fcr alle wird.<\/p>\t\t\t\t\t\t\t\t<\/div>\n\t\t\t\t<\/div>\n\t\t\t\t\t<\/div>\n\t\t<\/div>\n\t\t\t\t<div class=\"elementor-column elementor-col-50 elementor-top-column elementor-element elementor-element-651fdde\" data-id=\"651fdde\" data-element_type=\"column\" data-e-type=\"column\">\n\t\t\t<div class=\"elementor-widget-wrap elementor-element-populated\">\n\t\t\t\t\t\t<div class=\"elementor-element elementor-element-fb95d3f elementor-widget elementor-widget-image\" data-id=\"fb95d3f\" data-element_type=\"widget\" data-e-type=\"widget\" data-widget_type=\"image.default\">\n\t\t\t\t<div class=\"elementor-widget-container\">\n\t\t\t\t\t\t\t\t\t\t\t\t\t\t\t<img fetchpriority=\"high\" decoding=\"async\" width=\"600\" height=\"582\" src=\"https:\/\/uwg-hausen.de\/wp-content\/uploads\/2026\/01\/krone-kerwa-1.jpg?ver=1770239252\" class=\"attachment-full size-full wp-image-3066\" alt=\"Visualisierung des Kronehofs\" srcset=\"https:\/\/uwg-hausen.de\/wp-content\/uploads\/2026\/01\/krone-kerwa-1.jpg 600w, https:\/\/uwg-hausen.de\/wp-content\/uploads\/2026\/01\/krone-kerwa-1-300x291.jpg 300w\" sizes=\"(max-width: 600px) 100vw, 600px\" \/>\t\t\t\t\t\t\t\t\t\t\t\t\t\t\t<\/div>\n\t\t\t\t<\/div>\n\t\t\t\t<div class=\"elementor-element elementor-element-0d2d07d elementor-widget elementor-widget-text-editor\" data-id=\"0d2d07d\" data-element_type=\"widget\" data-e-type=\"widget\" data-widget_type=\"text-editor.default\">\n\t\t\t\t<div class=\"elementor-widget-container\">\n\t\t\t\t\t\t\t\t\t<p>KI-generierte Visualisierung Kronehof, <br>\u00a9 Lars Hofmann &amp; Matthias Pr\u00f6tzsch, 2026<\/p>\t\t\t\t\t\t\t\t<\/div>\n\t\t\t\t<\/div>\n\t\t\t\t\t<\/div>\n\t\t<\/div>\n\t\t\t\t\t<\/div>\n\t\t<\/section>\n\t\t\t\t<section class=\"elementor-section elementor-top-section elementor-element elementor-element-01a75a5 elementor-section-boxed elementor-section-height-default elementor-section-height-default\" data-id=\"01a75a5\" data-element_type=\"section\" data-e-type=\"section\">\n\t\t\t\t\t\t<div class=\"elementor-container elementor-column-gap-default\">\n\t\t\t\t\t<div class=\"elementor-column elementor-col-50 elementor-top-column elementor-element elementor-element-09499aa\" data-id=\"09499aa\" data-element_type=\"column\" data-e-type=\"column\">\n\t\t\t<div class=\"elementor-widget-wrap elementor-element-populated\">\n\t\t\t\t\t\t<div class=\"elementor-element elementor-element-e9b3b72 elementor-icon-list--layout-traditional elementor-list-item-link-full_width elementor-widget elementor-widget-icon-list\" data-id=\"e9b3b72\" data-element_type=\"widget\" data-e-type=\"widget\" data-widget_type=\"icon-list.default\">\n\t\t\t\t<div class=\"elementor-widget-container\">\n\t\t\t\t\t\t\t<ul class=\"elementor-icon-list-items\">\n\t\t\t\t\t\t\t<li class=\"elementor-icon-list-item\">\n\t\t\t\t\t\t\t\t\t\t\t<span class=\"elementor-icon-list-icon\">\n\t\t\t\t\t\t\t<i aria-hidden=\"true\" class=\"fas fa-circle\"><\/i>\t\t\t\t\t\t<\/span>\n\t\t\t\t\t\t\t\t\t\t<span class=\"elementor-icon-list-text\">Die Krone wird seit 2013 vom Krone e.V. bewirtet.<\/span>\n\t\t\t\t\t\t\t\t\t<\/li>\n\t\t\t\t\t\t<\/ul>\n\t\t\t\t\t\t<\/div>\n\t\t\t\t<\/div>\n\t\t\t\t<div class=\"elementor-element elementor-element-0a2541a elementor-icon-list--layout-traditional elementor-list-item-link-full_width elementor-widget elementor-widget-icon-list\" data-id=\"0a2541a\" data-element_type=\"widget\" data-e-type=\"widget\" data-widget_type=\"icon-list.default\">\n\t\t\t\t<div class=\"elementor-widget-container\">\n\t\t\t\t\t\t\t<ul class=\"elementor-icon-list-items\">\n\t\t\t\t\t\t\t<li class=\"elementor-icon-list-item\">\n\t\t\t\t\t\t\t\t\t\t\t<span class=\"elementor-icon-list-icon\">\n\t\t\t\t\t\t\t<i aria-hidden=\"true\" class=\"fas fa-circle\"><\/i>\t\t\t\t\t\t<\/span>\n\t\t\t\t\t\t\t\t\t\t<span class=\"elementor-icon-list-text\"><p>Der Ausbau und die laufende Pflege erfolgen in Eigeninitiative mit Unterst\u00fctzung der Gemeinde.<span style=\"font-size: inherit\"><\/span><\/p><\/span>\n\t\t\t\t\t\t\t\t\t<\/li>\n\t\t\t\t\t\t<\/ul>\n\t\t\t\t\t\t<\/div>\n\t\t\t\t<\/div>\n\t\t\t\t<div class=\"elementor-element elementor-element-f8a8ccd elementor-icon-list--layout-traditional elementor-list-item-link-full_width elementor-widget elementor-widget-icon-list\" data-id=\"f8a8ccd\" data-element_type=\"widget\" data-e-type=\"widget\" data-widget_type=\"icon-list.default\">\n\t\t\t\t<div class=\"elementor-widget-container\">\n\t\t\t\t\t\t\t<ul class=\"elementor-icon-list-items\">\n\t\t\t\t\t\t\t<li class=\"elementor-icon-list-item\">\n\t\t\t\t\t\t\t\t\t\t\t<span class=\"elementor-icon-list-icon\">\n\t\t\t\t\t\t\t<i aria-hidden=\"true\" class=\"fas fa-circle\"><\/i>\t\t\t\t\t\t<\/span>\n\t\t\t\t\t\t\t\t\t\t<span class=\"elementor-icon-list-text\"><p><span style=\"font-size: inherit\">Die R\u00e4ume werden von mehreren Vereinen genutzt.<\/span><span style=\"font-size: inherit\"><\/span><\/p><\/span>\n\t\t\t\t\t\t\t\t\t<\/li>\n\t\t\t\t\t\t<\/ul>\n\t\t\t\t\t\t<\/div>\n\t\t\t\t<\/div>\n\t\t\t\t<div class=\"elementor-element elementor-element-e2965ba elementor-icon-list--layout-traditional elementor-list-item-link-full_width elementor-widget elementor-widget-icon-list\" data-id=\"e2965ba\" data-element_type=\"widget\" data-e-type=\"widget\" data-widget_type=\"icon-list.default\">\n\t\t\t\t<div class=\"elementor-widget-container\">\n\t\t\t\t\t\t\t<ul class=\"elementor-icon-list-items\">\n\t\t\t\t\t\t\t<li class=\"elementor-icon-list-item\">\n\t\t\t\t\t\t\t\t\t\t\t<span class=\"elementor-icon-list-icon\">\n\t\t\t\t\t\t\t<i aria-hidden=\"true\" class=\"fas fa-circle\"><\/i>\t\t\t\t\t\t<\/span>\n\t\t\t\t\t\t\t\t\t\t<span class=\"elementor-icon-list-text\"><p><span style=\"font-size: inherit\">Die R\u00e4ume werden von mehreren Vereinen genutzt.<\/span><span style=\"font-size: inherit\"><\/span><\/p><\/span>\n\t\t\t\t\t\t\t\t\t<\/li>\n\t\t\t\t\t\t<\/ul>\n\t\t\t\t\t\t<\/div>\n\t\t\t\t<\/div>\n\t\t\t\t\t<\/div>\n\t\t<\/div>\n\t\t\t\t<div class=\"elementor-column elementor-col-50 elementor-top-column elementor-element elementor-element-449c2ff\" data-id=\"449c2ff\" data-element_type=\"column\" data-e-type=\"column\">\n\t\t\t<div class=\"elementor-widget-wrap elementor-element-populated\">\n\t\t\t\t\t\t<div class=\"elementor-element elementor-element-ecb4656 elementor-widget elementor-widget-text-editor\" data-id=\"ecb4656\" data-element_type=\"widget\" data-e-type=\"widget\" data-widget_type=\"text-editor.default\">\n\t\t\t\t<div class=\"elementor-widget-container\">\n\t\t\t\t\t\t\t\t\t<blockquote><p><i>\u201cDer Kronesaal hat Potential ein weitere Kernpunkt im Kultur- und Vereinsangebot f\u00fcr Hausen zu werden. Mit Unterst\u00fctzung der Gemeinde, k\u00f6nnen Vereine in Gemeinschaft, einiges in Eigenregie schaffen, so dass eine Sanierung<br \/>auch ohne ein ausuferndes Gro\u00dfprojekt m\u00f6glich w\u00e4re.\u201d<\/i><\/p><\/blockquote><p>Zitat: Matthias Pr\u00f6tzsch, 2. Vorstand UWG-Hausen<\/p>\t\t\t\t\t\t\t\t<\/div>\n\t\t\t\t<\/div>\n\t\t\t\t\t<\/div>\n\t\t<\/div>\n\t\t\t\t\t<\/div>\n\t\t<\/section>\n\t\t\t\t<\/div>\n\t\t","protected":false},"excerpt":{"rendered":"<p>Hier geht es zur \u00dcbersicht aller Fokusthemen Herz der Gemeinde Die Ortsmitte ist das Zentrum von Hausen \u2013 und mit der Krone haben wir dort einen Ort, der wieder mehr <a class=\"more-link\" href=\"https:\/\/uwg-hausen.de\/?page_id=2979\">Weiterlesen <i class=\"fa fa-chevron-right\"><\/i><\/a><\/p>\n","protected":false},"author":11,"featured_media":0,"parent":0,"menu_order":0,"comment_status":"closed","ping_status":"closed","template":"","meta":{"_eb_attr":"","footnotes":""},"class_list":["post-2979","page","type-page","status-publish","hentry"],"_links":{"self":[{"href":"https:\/\/uwg-hausen.de\/index.php?rest_route=\/wp\/v2\/pages\/2979","targetHints":{"allow":["GET"]}}],"collection":[{"href":"https:\/\/uwg-hausen.de\/index.php?rest_route=\/wp\/v2\/pages"}],"about":[{"href":"https:\/\/uwg-hausen.de\/index.php?rest_route=\/wp\/v2\/types\/page"}],"author":[{"embeddable":true,"href":"https:\/\/uwg-hausen.de\/index.php?rest_route=\/wp\/v2\/users\/11"}],"replies":[{"embeddable":true,"href":"https:\/\/uwg-hausen.de\/index.php?rest_route=%2Fwp%2Fv2%2Fcomments&post=2979"}],"version-history":[{"count":19,"href":"https:\/\/uwg-hausen.de\/index.php?rest_route=\/wp\/v2\/pages\/2979\/revisions"}],"predecessor-version":[{"id":3592,"href":"https:\/\/uwg-hausen.de\/index.php?rest_route=\/wp\/v2\/pages\/2979\/revisions\/3592"}],"wp:attachment":[{"href":"https:\/\/uwg-hausen.de\/index.php?rest_route=%2Fwp%2Fv2%2Fmedia&parent=2979"}],"curies":[{"name":"wp","href":"https:\/\/api.w.org\/{rel}","templated":true}]}}

<div data-elementor-type="wp-page" data-elementor-id="2979" class="elementor elementor-2979" data-elementor-post-type="page">
						<section class="elementor-section elementor-top-section elementor-element elementor-element-2aa33c7 elementor-section-boxed elementor-section-height-default elementor-section-height-default" data-id="2aa33c7" data-element_type="section" data-e-type="section">
						<div class="elementor-container elementor-column-gap-default">
					<div class="elementor-column elementor-col-100 elementor-top-column elementor-element elementor-element-f51c0a0" data-id="f51c0a0" data-element_type="column" data-e-type="column">
			<div class="elementor-widget-wrap elementor-element-populated">
						<div class="elementor-element elementor-element-48aa6a0 elementor-icon-list--layout-traditional elementor-list-item-link-full_width elementor-widget elementor-widget-icon-list" data-id="48aa6a0" data-element_type="widget" data-e-type="widget" data-widget_type="icon-list.default">
				<div class="elementor-widget-container">
							<ul class="elementor-icon-list-items">
							<li class="elementor-icon-list-item">
											<a href="https://uwg-hausen.de/?page_id=3206">

												<span class="elementor-icon-list-icon">
							<i aria-hidden="true" class="fas fa-arrow-left"></i>						</span>
										<span class="elementor-icon-list-text"><b>Hier geht es zur Übersicht aller Fokusthemen </b></span>
											</a>
									</li>
						</ul>
						</div>
				</div>
					</div>
		</div>
					</div>
		</section>
				<section class="elementor-section elementor-top-section elementor-element elementor-element-d08fdd8 elementor-section-boxed elementor-section-height-default elementor-section-height-default" data-id="d08fdd8" data-element_type="section" data-e-type="section">
						<div class="elementor-container elementor-column-gap-default">
					<div class="elementor-column elementor-col-50 elementor-top-column elementor-element elementor-element-9f7116f" data-id="9f7116f" data-element_type="column" data-e-type="column">
			<div class="elementor-widget-wrap elementor-element-populated">
						<div class="elementor-element elementor-element-39249c5 elementor-widget elementor-widget-text-editor" data-id="39249c5" data-element_type="widget" data-e-type="widget" data-widget_type="text-editor.default">
				<div class="elementor-widget-container">
									<h4><strong>Herz der Gemeinde</strong></h4><p>Die Ortsmitte ist das Zentrum von Hausen – und mit der Krone haben wir dort einen Ort, der wieder mehr Leben bringen kann: Für Vereine, bezahlbare Räume, Begegnung und Gemeinschaft.</p><p>Für uns ist klar: Die Kerwa gehört in die Ortsmitte nirgendwo anders. Damit die Krone vorankommt und langfristig nutzbar, lebendig und bezahlbar bleibt, braucht es zuerst einen klaren Plan: Ein Nutzungs- und Förderkonzept (ISEK/Quartierskonzept). Das ist keine Bürokratie, sondern der Weg, Förderfähigkeit herzustellen und Fördermittel systematisch zu sichern – mit klarer Schrittfolge und nachvollziehbaren Entscheidungen.</p><p>Unser Anspruch: Fördermittel aktiv nutzen, Schritt für Schritt sanieren, transparent entscheiden – damit die Krone wieder ein Ort für alle wird.</p>								</div>
				</div>
					</div>
		</div>
				<div class="elementor-column elementor-col-50 elementor-top-column elementor-element elementor-element-651fdde" data-id="651fdde" data-element_type="column" data-e-type="column">
			<div class="elementor-widget-wrap elementor-element-populated">
						<div class="elementor-element elementor-element-fb95d3f elementor-widget elementor-widget-image" data-id="fb95d3f" data-element_type="widget" data-e-type="widget" data-widget_type="image.default">
				<div class="elementor-widget-container">
															<img fetchpriority="high" decoding="async" width="600" height="582" src="https://uwg-hausen.de/wp-content/uploads/2026/01/krone-kerwa-1.jpg?ver=1770239252" class="attachment-full size-full wp-image-3066" alt="Visualisierung des Kronehofs" srcset="https://uwg-hausen.de/wp-content/uploads/2026/01/krone-kerwa-1.jpg 600w, https://uwg-hausen.de/wp-content/uploads/2026/01/krone-kerwa-1-300x291.jpg 300w" sizes="(max-width: 600px) 100vw, 600px" />															</div>
				</div>
				<div class="elementor-element elementor-element-0d2d07d elementor-widget elementor-widget-text-editor" data-id="0d2d07d" data-element_type="widget" data-e-type="widget" data-widget_type="text-editor.default">
				<div class="elementor-widget-container">
									<p>KI-generierte Visualisierung Kronehof, <br>© Lars Hofmann &amp; Matthias Prötzsch, 2026</p>								</div>
				</div>
					</div>
		</div>
					</div>
		</section>
				<section class="elementor-section elementor-top-section elementor-element elementor-element-01a75a5 elementor-section-boxed elementor-section-height-default elementor-section-height-default" data-id="01a75a5" data-element_type="section" data-e-type="section">
						<div class="elementor-container elementor-column-gap-default">
					<div class="elementor-column elementor-col-50 elementor-top-column elementor-element elementor-element-09499aa" data-id="09499aa" data-element_type="column" data-e-type="column">
			<div class="elementor-widget-wrap elementor-element-populated">
						<div class="elementor-element elementor-element-e9b3b72 elementor-icon-list--layout-traditional elementor-list-item-link-full_width elementor-widget elementor-widget-icon-list" data-id="e9b3b72" data-element_type="widget" data-e-type="widget" data-widget_type="icon-list.default">
				<div class="elementor-widget-container">
							<ul class="elementor-icon-list-items">
							<li class="elementor-icon-list-item">
											<span class="elementor-icon-list-icon">
							<i aria-hidden="true" class="fas fa-circle"></i>						</span>
										<span class="elementor-icon-list-text">Die Krone wird seit 2013 vom Krone e.V. bewirtet.</span>
									</li>
						</ul>
						</div>
				</div>
				<div class="elementor-element elementor-element-0a2541a elementor-icon-list--layout-traditional elementor-list-item-link-full_width elementor-widget elementor-widget-icon-list" data-id="0a2541a" data-element_type="widget" data-e-type="widget" data-widget_type="icon-list.default">
				<div class="elementor-widget-container">
							<ul class="elementor-icon-list-items">
							<li class="elementor-icon-list-item">
											<span class="elementor-icon-list-icon">
							<i aria-hidden="true" class="fas fa-circle"></i>						</span>
										<span class="elementor-icon-list-text"><p>Der Ausbau und die laufende Pflege erfolgen in Eigeninitiative mit Unterstützung der Gemeinde.<span style="font-size: inherit"></span></p></span>
									</li>
						</ul>
						</div>
				</div>
				<div class="elementor-element elementor-element-f8a8ccd elementor-icon-list--layout-traditional elementor-list-item-link-full_width elementor-widget elementor-widget-icon-list" data-id="f8a8ccd" data-element_type="widget" data-e-type="widget" data-widget_type="icon-list.default">
				<div class="elementor-widget-container">
							<ul class="elementor-icon-list-items">
							<li class="elementor-icon-list-item">
											<span class="elementor-icon-list-icon">
							<i aria-hidden="true" class="fas fa-circle"></i>						</span>
										<span class="elementor-icon-list-text"><p><span style="font-size: inherit">Die Räume werden von mehreren Vereinen genutzt.</span><span style="font-size: inherit"></span></p></span>
									</li>
						</ul>
						</div>
				</div>
				<div class="elementor-element elementor-element-e2965ba elementor-icon-list--layout-traditional elementor-list-item-link-full_width elementor-widget elementor-widget-icon-list" data-id="e2965ba" data-element_type="widget" data-e-type="widget" data-widget_type="icon-list.default">
				<div class="elementor-widget-container">
							<ul class="elementor-icon-list-items">
							<li class="elementor-icon-list-item">
											<span class="elementor-icon-list-icon">
							<i aria-hidden="true" class="fas fa-circle"></i>						</span>
										<span class="elementor-icon-list-text"><p><span style="font-size: inherit">Die Räume werden von mehreren Vereinen genutzt.</span><span style="font-size: inherit"></span></p></span>
									</li>
						</ul>
						</div>
				</div>
					</div>
		</div>
				<div class="elementor-column elementor-col-50 elementor-top-column elementor-element elementor-element-449c2ff" data-id="449c2ff" data-element_type="column" data-e-type="column">
			<div class="elementor-widget-wrap elementor-element-populated">
						<div class="elementor-element elementor-element-ecb4656 elementor-widget elementor-widget-text-editor" data-id="ecb4656" data-element_type="widget" data-e-type="widget" data-widget_type="text-editor.default">
				<div class="elementor-widget-container">
									<blockquote><p><i>“Der Kronesaal hat Potential ein weitere Kernpunkt im Kultur- und Vereinsangebot für Hausen zu werden. Mit Unterstützung der Gemeinde, können Vereine in Gemeinschaft, einiges in Eigenregie schaffen, so dass eine Sanierung<br />auch ohne ein ausuferndes Großprojekt möglich wäre.”</i></p></blockquote><p>Zitat: Matthias Prötzsch, 2. Vorstand UWG-Hausen</p>								</div>
				</div>
					</div>
		</div>
					</div>
		</section>
				</div>

<p>Hier geht es zur Übersicht aller Fokusthemen Herz der Gemeinde Die Ortsmitte ist das Zentrum von Hausen – und mit der Krone haben wir dort einen Ort, der wieder mehr <a class="more-link" href="https://uwg-hausen.de/?page_id=2979">Weiterlesen <i class="fa fa-chevron-right"></i></a></p>
