{"id":10,"date":"2018-07-10T20:12:51","date_gmt":"2018-07-10T20:12:51","guid":{"rendered":"http:\/\/uwg-hausen.de\/?page_id=10"},"modified":"2018-07-10T20:12:51","modified_gmt":"2018-07-10T20:12:51","slug":"impressum","status":"publish","type":"page","link":"https:\/\/uwg-hausen.de\/?page_id=10","title":{"rendered":"Impressum"},"content":{"rendered":"<h2>Herausgeber<\/h2>\n<h3>Unabh\u00e4ngige W\u00e4hlergemeinschaft Hausen<\/h3>\n<p>Georg Brandmeier<\/p>\n<p>Fackendorfer Strasse 3<br \/>\n91353 Hausen<\/p>\n<p>Telefon: 09191\/734020<br \/>\nE-Mail:\u00a0<span id=\"cloak61671\"><a href=\"mailto:georg.brandmeier@t-online.de\">georg.brandmeier@t-online.de<\/a><\/span><\/p>\n<h2 class=\"feature\">Haftungsausschluss<\/h2>\n<p>Die\u00a0<acronym lang=\"de\" title=\"Unabh\u00e4ngige W\u00e4hlergemeinschaft Hausen\" xml:lang=\"de\">UWG-Hausen<\/acronym>\u00a0hat alle in ihrem Bereich bereitgestellten Informationen nach bestem Wissen und Gewissen erarbeitet und gepr\u00fcft. Es wird jedoch keine Gew\u00e4hr f\u00fcr die Aktualit\u00e4t, Richtigkeit, Vollst\u00e4ndigkeit oder Qualit\u00e4t und jederzeitige Verf\u00fcgbarkeit der bereit gestellten Informationen \u00fcbernommen.<\/p>\n<p>F\u00fcr etwaige Sch\u00e4den, die beim Aufrufen oder Herunterladen von Daten durch Computerviren oder der Installation oder Nutzung von Software verursacht werden, wird nicht gehaftet.<\/p>\n<p>Namentlich gekennzeichnete Internetseiten geben die Auffassungen und Erkenntnisse der abfassenden Personen wieder.<\/p>\n<h2>Links und Verweise (Disclaimer)<\/h2>\n<p>Die\u00a0<acronym lang=\"de\" title=\"Unabh\u00e4ngige W\u00e4hlergemeinschaft Hausen\" xml:lang=\"de\">UWG-Hausen<\/acronym>\u00a0ist nur f\u00fcr die \u201eeigenen Inhalte\u201c, die sie zur Nutzung bereith\u00e4lt, nach den einschl\u00e4gigen Gesetzen verantwortlich. Von diesen eigenen Inhalten sind Querverweise (\u201eLinks\u201c) auf die Webseiten anderer Anbieter zu unterscheiden. Durch den als \u201eExterner Link\u201c gekennzeichneten Querverweis erm\u00f6glicht die\u00a0<acronym lang=\"de\" title=\"Unabh\u00e4ngige W\u00e4hlergemeinschaft Hausen\" xml:lang=\"de\">UWG-Hausen<\/acronym>\u00a0den Zugang zu \u201efremden Inhalten\u201c.<\/p>\n<p>Durch den Querverweis vermittelt die\u00a0<acronym lang=\"de\" title=\"Unabh\u00e4ngige W\u00e4hlergemeinschaft Hausen\" xml:lang=\"de\">UWG-Hausen<\/acronym>\u00a0lediglich den Zugang zur Nutzung dieser Inhalte. F\u00fcr diese \u201efremden\u201c Inhalte ist es nicht verantwortlich, da es die \u00dcbermittlung der Information nicht veranlasst, den Adressaten der \u00fcbermittelten Informationen nicht ausw\u00e4hlt und die \u00fcbermittelten Informationen auch nicht ausgew\u00e4hlt oder ver\u00e4ndert hat. Auch eine automatische kurzzeitige Zwischenspeicherung dieser \u201efremden Informationen\u201c erfolgt wegen der gew\u00e4hlten Aufruf- und Verlinkungsmethodik nicht, so dass sich auch dadurch keine Verantwortlichkeit der\u00a0<acronym lang=\"de\" title=\"Unabh\u00e4ngige W\u00e4hlergemeinschaft Hausen\" xml:lang=\"de\">UWG-Hausen<\/acronym>\u00a0f\u00fcr diese fremden Inhalte ergibt.<\/p>\n<p>Bei der erstmaligen Verkn\u00fcpfung mit diesen Internetangeboten haben die Autoren der jeweiligen Webseiten oder die Redaktion der\u00a0<acronym lang=\"de\" title=\"Unabh\u00e4ngige W\u00e4hlergemeinschaft Hausen\" xml:lang=\"de\">UWG-Hausen<\/acronym>\u00a0den fremden Inhalt jedoch daraufhin \u00fcberpr\u00fcft, ob durch ihn eine m\u00f6gliche zivilrechtliche oder strafrechtliche Verantwortlichkeit ausgel\u00f6st wird. Sobald die\u00a0<acronym lang=\"de\" title=\"Unabh\u00e4ngige W\u00e4hlergemeinschaft Hausen\" xml:lang=\"de\">UWG-Hausen<\/acronym>\u00a0jedoch feststellt oder von anderen darauf hingewiesen wird, dass ein konkretes Angebot, zu dem es einen Link bereitgestellt hat, eine zivil- oder strafrechtliche Verantwortlichkeit ausl\u00f6st, wird es den Verweis auf dieses Angebot unverz\u00fcglich aufheben, soweit es technisch m\u00f6glich und zumutbar ist.<\/p>\n<p>F\u00fcr illegale, fehlerhafte oder unvollst\u00e4ndige Inhalte und insbesondere f\u00fcr Sch\u00e4den, die aus der Nutzung oder Nichtnutzung von Informationen Dritter entstehen, haftet allein der jeweilige Anbieter der Seite, auf welche verwiesen wurde.<\/p>\n","protected":false},"excerpt":{"rendered":"<p>Herausgeber Unabh\u00e4ngige W\u00e4hlergemeinschaft Hausen Georg Brandmeier Fackendorfer Strasse 3 91353 Hausen Telefon: 09191\/734020 E-Mail:\u00a0georg.brandmeier@t-online.de Haftungsausschluss Die\u00a0UWG-Hausen\u00a0hat alle in ihrem Bereich bereitgestellten Informationen nach bestem Wissen und Gewissen erarbeitet und gepr\u00fcft. <a class=\"more-link\" href=\"https:\/\/uwg-hausen.de\/?page_id=10\">Weiterlesen <i class=\"fa fa-chevron-right\"><\/i><\/a><\/p>\n","protected":false},"author":1,"featured_media":0,"parent":0,"menu_order":0,"comment_status":"closed","ping_status":"closed","template":"","meta":{"_eb_attr":"","footnotes":""},"class_list":["post-10","page","type-page","status-publish","hentry"],"_links":{"self":[{"href":"https:\/\/uwg-hausen.de\/index.php?rest_route=\/wp\/v2\/pages\/10","targetHints":{"allow":["GET"]}}],"collection":[{"href":"https:\/\/uwg-hausen.de\/index.php?rest_route=\/wp\/v2\/pages"}],"about":[{"href":"https:\/\/uwg-hausen.de\/index.php?rest_route=\/wp\/v2\/types\/page"}],"author":[{"embeddable":true,"href":"https:\/\/uwg-hausen.de\/index.php?rest_route=\/wp\/v2\/users\/1"}],"replies":[{"embeddable":true,"href":"https:\/\/uwg-hausen.de\/index.php?rest_route=%2Fwp%2Fv2%2Fcomments&post=10"}],"version-history":[{"count":1,"href":"https:\/\/uwg-hausen.de\/index.php?rest_route=\/wp\/v2\/pages\/10\/revisions"}],"predecessor-version":[{"id":11,"href":"https:\/\/uwg-hausen.de\/index.php?rest_route=\/wp\/v2\/pages\/10\/revisions\/11"}],"wp:attachment":[{"href":"https:\/\/uwg-hausen.de\/index.php?rest_route=%2Fwp%2Fv2%2Fmedia&parent=10"}],"curies":[{"name":"wp","href":"https:\/\/api.w.org\/{rel}","templated":true}]}}